37 is divided by (10/h)/(1 - (-15)/(-9))?
2
Suppose -11*z + 89 + 109 = 0. Calculate the remainder when 33 is divided by z.
15
Let g(y) = 2*y**2 + 5*y + 3. Let k = 220 - 205. Calculate the remainder when g(-5) is divided by k.
13
Suppose -3*m - 15 = 0, -4*t + 7*t + 5*m = 197. Suppose 51 = 5*a - 44. Calculate the remainder when t is divided by a.
17
Let r(h) = -h - 3. Let w be r(-12). Let d(l) = 2*l + 22. Let j be d(w). Suppose -3*c + 38 = -j. What is the remainder when c is divided by 9?
8
Let q = -23 + 20. Calculate the remainder when (24 - 13)/(((-3)/8)/q) is divided by 30.
28
Let o(p) = 9*p - 104. What is the remainder when o(21) is divided by 43?
42
Suppose 0 = 4*m - 2*y - 50, 4*m - y + 3*y = 70. Let g = -10 - -16. Suppose 0 = g*t - 26 - 10. Calculate the remainder when m is divided by t.
3
Suppose 0 = -z + 2 - 5, -2*a = -3*z - 137. Let u = a + -35. Suppose -28 = -3*r + u. Calculate the remainder when 54 is divided by r.
16
Let k = -281 - -699. Calculate the remainder when k is divided by 204.
10
Calculate the remainder when 395 is divided by (35/(-7))/((-2)/6).
5
Suppose -2*i + 377 - 6 = 5*h, i = -2. Let o = 7 - h. Let l = -20 - o. What is the remainder when l is divided by 17?
14
Suppose -4*w = 5*l - 28, 0 = 5*w + l + 16 - 51. Calculate the remainder when 75 is divided by w.
5
Suppose -5*a = -5*i - 120, -3*i + 66 = 185*a - 182*a. Calculate the remainder when a is divided by 9.
5
Suppose 742 - 286 = 24*y. Calculate the remainder when y is divided by 5/(-3)*(-8 + 5).
4
Let t = 9 + -14. Let k(g) = 56*g - 19. What is the remainder when k(2) is divided by (-118)/t - 4/(-10)?
21
Let s(v) = v**3 + 28*v**2 - 51*v - 590. Let u(b) = -3*b + 26*b**2 + 3*b - 1. Calculate the remainder when s(-29) is divided by u(-1).
23
Let n = -18 + 28. What is the remainder when 29 is divided by n?
9
Let o(c) = 4*c + 26. Let j be o(-6). Suppose 2*b - 5*k - 15 + 1 = 0, j*k = 3*b - 21. Calculate the remainder when 32 is divided by b.
4
Let a be -3 + (-6)/9*-57. Calculate the remainder when 45 is divided by 2/(-7) + 815/a.
22
Suppose 0 = h - c - 1 - 12, -2*c + 34 = 3*h. Let n = -9 + h. Suppose 2*w = -4*b + 42, -15 = -b + 4*w - n*w. Calculate the remainder when 35 is divided by b.
11
Let k(h) = -h**2 - 5*h - 1. Let c be k(-4). Suppose 8 + 46 = c*a. Calculate the remainder when a is divided by 7.
4
Suppose 4 - 22 = -3*j. Let m(c) = 14*c - 18. Let d be m(j). Suppose -a + d = 3. What is the remainder when a is divided by 16?
15
Suppose -j + 2 = -2*j. Let n = 9 + j. Let a = 103 - 91. What is the remainder when a is divided by n?
5
Suppose -3*b = -11 - 64. Calculate the remainder when 143 is divided by b.
18
Suppose 0 = -5*z + 7*z. Suppose 0 = -d + 5*d - 5*o - 65, -d + 2*o + 17 = z. Calculate the remainder when (2 + 0 - 0)*22 is divided by d.
14
Let h(z) = 6*z + 2. Let a be h(5). Calculate the remainder when a*1 - (0 + -3) is divided by 12.
11
Let d be 2/(-2 + 10) - 51/12. Let n(b) = b**2 + 2*b + 9. Calculate the remainder when 62 is divided by n(d).
11
Let d(s) = s - 6. Let p be d(11). Suppose 0 = -p*f + 82 + 13. Calculate the remainder when 56 is divided by f.
18
Let j be (-28)/21*18/(-3). Suppose j*q + 38 = 126. What is the remainder when 63 is divided by q?
8
Let d = 319 - 217. Calculate the remainder when d is divided by 35.
32
Suppose -r - 8 = r. Suppose 2*q - 2*z - 12 = 0, -5*q + 30 = z - 5*z. Calculate the remainder when 26 is divided by r/q*(-84)/8.
5
Suppose -w + 3*w = 12. Suppose w*b - 4*b = 0. Suppose -u + 166 = 3*u + 2*m, 2*u - 5*m - 53 = b. Calculate the remainder when 153 is divided by u.
36
Suppose 27 + 17 = 4*g. Calculate the remainder when (36/21)/(4/98) is divided by g.
9
Suppose 0 = 4*h + 16, 4*h = v - 0*v - 38. What is the remainder when v is divided by 18/45 + (-136)/(-10)?
8
Let d(v) = 7*v + 3. Let k = 28 - 13. Let p = -12 + k. What is the remainder when 70 is divided by d(p)?
22
Let s(q) = q**2 + 26*q + 157. Let g(h) = -h**3 - 7*h**2 - 7*h. What is the remainder when g(-6) is divided by s(-17)?
2
Suppose 0 = -26*g + 23*g - 6. Let r = g - -7. Calculate the remainder when 16 is divided by r.
1
Let b(k) = 2*k**2 - 5*k - 7. Let i = 247 + -107. Suppose 7*v + i = 11*v. What is the remainder when v is divided by b(5)?
17
Let o(f) = 37*f**2 + 1. Let u = 25 + -25. Suppose 6*t - 32 - 28 = u. What is the remainder when o(-1) is divided by t?
8
Suppose 0 = 8*d - 7*d - 20. Suppose -13 = -2*i + v, 4*v = 4*i + 8*v - d. Calculate the remainder when 11 is divided by i.
5
Let m(w) = w**3 + 8*w**2 + 3*w - 11. Calculate the remainder when 219 is divided by m(-7).
15
Suppose 4*z - 11 = 1. Suppose 0*o + 46 = z*o - k, 0 = 2*o + k - 34. Let x(r) = -r**2 - 12*r - 4. Calculate the remainder when x(-5) is divided by o.
15
Suppose -54*u + 880 = -38*u. Let y(c) = -53*c + 4. What is the remainder when y(-3) is divided by u?
53
Let y be (-306)/(-108) + 1/6. Suppose -2*d + b + 22 = 4*b, -y = d + 5*b. Calculate the remainder when d is divided by 5.
2
Let l(r) = r**3 - 10*r**2 - 32*r + 13. Calculate the remainder when l(13) is divided by 18.
14
Let y(n) = -11*n**2 + 25*n + 17. Let f(u) = -5*u**2 + 12*u + 8. Let h(m) = 9*f(m) - 4*y(m). Let j = 21 - -8. Calculate the remainder when j is divided by h(6).
13
What is the remainder when 64/10*975/26 is divided by 7?
2
Suppose 23 = -13*n + 14*n. Calculate the remainder when 59 is divided by n.
13
Let o = 58 + 19. Suppose -100 = -9*m + 4*m. Calculate the remainder when o is divided by m.
17
Let y(p) = 2*p**2 - 4*p - 3. Let k(n) = 5*n**2. What is the remainder when y(-2) is divided by k(1)?
3
Let q(u) = 42 + 0 + u**2 - 13 + 18*u. Calculate the remainder when 47 is divided by q(-17).
11
Suppose -q - 924 = -5*v - 5*q, 204 = v - 4*q. Calculate the remainder when v is divided by 48.
44
Let d = -21 - -116. Calculate the remainder when d is divided by 11.
7
Let d be 1 - (0 + -6 + 3). Suppose -j = j + d*v + 18, 0 = -5*j - v. Calculate the remainder when 30*((j - -1) + -1) is divided by 11.
8
Let g(y) = -146*y**3 + y**2 + 2*y + 1. Let w be g(-1). Let z = -82 + w. What is the remainder when z is divided by 1 - (-37)/3 - 111/333?
12
Suppose -6*v + 18 = -4*v. Suppose k + 3*k - b = -48, -36 = 3*k + 4*b. Let y = k + 16. Calculate the remainder when v is divided by y.
1
Suppose -102*v = -94*v - 40. What is the remainder when 239 is divided by v?
4
Suppose -17 = l + 66. Let r = l - -140. What is the remainder when r is divided by 29?
28
Suppose 2*p + 5*h = 41, 0*p = -5*p + 4*h + 53. What is the remainder when 159 is divided by p - (5 + -2) - 0?
9
What is the remainder when 10 is divided by 9 + -12 + (8 - 1)?
2
Let h be 42/(-4)*8/(-6). Suppose 0 = -z + 2*z - h. Suppose -17*t + 14*t + 135 = 4*d, 4*d - 53 = -t. What is the remainder when t is divided by z?
13
Let c(k) = 2*k**2 - 8*k + 30. Calculate the remainder when c(6) is divided by 9.
0
Let h(d) = 2*d**2 + 5*d + 1. Calculate the remainder when 261 is divided by h(5).
33
Suppose -1053*b + 1056*b = 84. Calculate the remainder when 69 is divided by b.
13
What is the remainder when (2581/(-87))/(1/(-3)) is divided by 26?
11
Let m = 400 - 386. What is the remainder when 671 is divided by m?
13
Suppose 21*z - 33*z = -22044. What is the remainder when z is divided by 80?
77
Let j = 9 + -7. What is the remainder when (-24)/2*j/(-8) is divided by 2?
1
Suppose -b = -9 - 11. Let f = -1 - -8. Suppose -f*i + 21 = -4*i. Calculate the remainder when b is divided by i.
6
What is the remainder when 41 is divided by (-2640)/(-300)*(-10)/(-4)?
19
What is the remainder when 30 is divided by 6/(-27)*(-900)/40?
0
Suppose -2*k - k = 5*b - 231, 2*k + 198 = 4*b. Calculate the remainder when 92 is divided by b.
44
Suppose 0*q + 90 = 2*q. Let z = -149 - -165. What is the remainder when q is divided by z?
13
Let i = 700 - 633. Calculate the remainder when 142 is divided by i.
8
Let o(l) = -l**3 + 7*l**2 + 3*l + 13. What is the remainder when o(7) is divided by 8?
2
What is the remainder when (-193)/(-13) + (-86)/(-559) is divided by 8?
7
Suppose 5*s - 4 = 116. Let p = s - 13. Calculate the remainder when 50*(27/5 - 5) is divided by p.
9
Let u be ((-1)/(-3))/((-5)/105). Let c(g) = -g**3 - 4*g**2 - 7*g + 9. Let n be c(u). Let x = -146 + n. Calculate the remainder when x is divided by 15.
14
Let h = 3 + 14. What is the remainder whe